{"id":17059,"date":"2019-01-04T12:59:31","date_gmt":"2019-01-04T10:59:31","guid":{"rendered":"http:\/\/meremuuseum.ee\/paksmargareeta\/?page_id=17059"},"modified":"2024-09-16T12:46:17","modified_gmt":"2024-09-16T10:46:17","slug":"avasta-naitust","status":"publish","type":"page","link":"https:\/\/meremuuseum.ee\/paksmargareeta\/lapsele-ja-koolile\/avasta-naitust\/","title":{"rendered":"Avasta n\u00e4itust"},"content":{"rendered":"<p><iframe src=\"\/\/www.youtube.com\/embed\/cNTNfH4PsoM\" width=\"560\" height=\"314\" allowfullscreen=\"allowfullscreen\"><\/iframe><\/p>\n<p><span lang=\"et-EE\">Ahoi, meres\u00f5ber!<\/span><\/p>\n<p><span lang=\"et-EE\">See ei ole tavaline muuseumimaja, vaid ehitati juba peaaegu 500 aastat tagasi. Siis oli siin linnakindlustus, kus valvati, et sissetungijad linna ei p\u00e4\u00e4seks. Hoonet on mitu korda \u00fcmber ehitatud ja muuseumis on n\u00e4ha vanade m\u00fc\u00fcride varemeid. Paksu Margareeta torni k\u00f5rvalt, Suurest Rannav\u00e4ravast veeti linna kaupa, mis oli laevadega sadamasse toodud. <\/span><\/p>\n<p><span lang=\"et-EE\" style=\"font-family: georgia, palatino, serif;\"><b><span style=\"font-size: large;\"><span lang=\"et-EE\">K\u00f5ige vanem kaubalaev<\/span><\/span><br \/>\n<\/b><\/span><\/p>\n<p><span lang=\"et-EE\">Muuseumis n\u00e4eb Eestist leitud k\u00f5ige vanemat, umbes 700-aastase laeva vrakki. Sellise kujuga laeva kohta \u00f6eldakse koge ning need seilasid P\u00f5hja- ja L\u00e4\u00e4nemerel. Siin n\u00e4eb ka\u00a0 koge vraki juurest leitud esemeid, mis n\u00e4itavad meile, kuidas sel ajal merel n\u00e4iteks s\u00fc\u00fca tehti.<\/span><\/p>\n<p><span lang=\"et-EE\">Koge saalis saad:<\/span><\/p>\n<ul>\n<li><span lang=\"et-EE\">avastada, kuidas koge ehitati;<\/span><\/li>\n<li><span lang=\"et-EE\">teada, mille poolest erines keskaegne Tallinna sadam praegusest; milliseid kaupu siis veeti; kuidas koguseid m\u00f5\u00f5deti ja kui palju kaubad v\u00e4\u00e4rt v\u00f5isid olla; <\/span><\/li>\n<li><span lang=\"et-EE\">kuulata kaupmeeste lugusid;<\/span><\/li>\n<li><span lang=\"et-EE\">proovida juhtida tegevust keskaegses sadamas.<\/span><\/li>\n<\/ul>\n<p><span lang=\"et-EE\"><b><span lang=\"et-EE\" style=\"font-family: georgia, palatino, serif;\"><span style=\"font-size: large;\">Purjelaevad ootasid tuult<\/span><\/span><\/b><\/span><\/p>\n<p><span lang=\"et-EE\">Kui koge juurest edasi liigud, j\u00f5uad purjelaevade korrusele. Sa tunned selle kohe \u00e4ra, sest siin on p\u00fcsti p\u00e4ris laevamast suure purjega. See kuulus \u00fcle 80 aasta tagasi Saaremaal ehitatud laevale nimega Triin. <\/span><\/p>\n<p><span lang=\"et-EE\">Purjelaevade saalis saad: <\/span><\/p>\n<ul>\n<li><span lang=\"et-EE\">uurida p\u00e4ris laevade j\u00e4rgi t\u00e4pselt j\u00e4rele tehtud v\u00e4ikeseid laevamudeleid. Teiste hulgas n\u00e4eb ka selle purjelaeva mudelit, millega Saaremaal s\u00fcndinud maadeavastaja Bellingshausen Antarktise mandri avastas. Teada saad ka teiste Eestist p\u00e4rit maadeavastajate reisidest;<\/span><\/li>\n<li><span lang=\"et-EE\">ise seista laevarooli taga ja hiivata ankrut; <\/span><\/li>\n<li><span lang=\"et-EE\">teha s\u00f5lmi ja kokku panna v\u00e4ikese purjelaeva.<\/span><\/li>\n<\/ul>\n<p>Veebis saad m\u00e4ngida m\u00e4ngu <a href=\"http:\/\/www.lennusadam.eu\/polar\/\">\u201cKes tahab saada polaaruurijaks?\u201d<\/a><\/p>\n<p><span lang=\"et-EE\" style=\"font-family: georgia, palatino, serif;\"><b><span style=\"font-size: large;\"><span lang=\"et-EE\">Aurulaevade aeg<\/span><\/span><\/b><\/span><\/p>\n<p><span lang=\"et-EE\">Umbes 200 aastat tagasi leiutati kuuma auru j\u00f5ul liikuvad laevad. Siis ei olnud enam vaja oodata, et tuul puhuks ja purjed laeva edasi t\u00f5ukaks. Aurulaevadega veeti kaupu ja reisijaid. Kui tehnika arenes, hakati ehitama veel tugevama kerega metallist laevu, mis said talvel merel j\u00e4\u00e4d l\u00f5hkuda. Nii said ka teised laevad talvel s\u00f5ita. Varem j\u00e4eti laevad j\u00e4\u00e4 tulles sadamatesse seisma. <\/span><\/p>\n<p><span lang=\"et-EE\">Aurulaevade saalis saad:<\/span><\/p>\n<ul>\n<li><span lang=\"et-EE\">n\u00e4ha tavap\u00e4raseid ja justkui pooleks l\u00f5igatud laevamudeleid, kust paistab ka laeva sisemus;<\/span><\/li>\n<li><span lang=\"et-EE\">ise kokku panna laeva korstnam\u00e4rgi;<\/span><\/li>\n<li><span lang=\"et-EE\">sadamas kaupa peale ja maha laadida. <\/span><\/li>\n<\/ul>\n<p><span lang=\"et-EE\"><b><span lang=\"et-EE\" style=\"font-family: georgia, palatino, serif;\"><span style=\"font-size: large;\">T\u00e4nap\u00e4evased mootorlaevad<\/span><\/span><\/b><\/span><\/p>\n<p><span lang=\"et-EE\">T\u00e4nap\u00e4eval liiguvad suured reisi- ja kaubalaevad ning v\u00e4iksemad, saarte vahel s\u00f5itvad, praamid mootori j\u00f5ul. Muuseumi k\u00f5ige k\u00f5rgemal korrusel on mootorlaevade saal, kus saad tutvuda Eesti suurimate kauba-, kala- ja reisilaevadega. <\/span><\/p>\n<p><span lang=\"et-EE\">Mootorlaevade saalis saad: <\/span><\/p>\n<ul>\n<li><span lang=\"et-EE\">\u00f5ppida selgeks merel kehtivad liikluseeskirjad ja -m\u00e4rgid;<\/span><\/li>\n<li><span lang=\"et-EE\">kuulata meremeeste lugusid elust mootorlaeval;<\/span><\/li>\n<li><span lang=\"et-EE\">ise j\u00e4rele proovida, kuidas laadida kaupa konteinersadamas;<\/span><\/li>\n<li><span lang=\"et-EE\">n\u00e4ha, milline on \u00fche suure reisilaeva kaptenisild ja kuidas sealt laeva juhitakse.<\/span><\/li>\n<\/ul>\n<p><span lang=\"et-EE\"><br \/>\nEt suures muuseumis oleks lihtsam ringi liikuda, k\u00fcsi kassast kaasa tasuta teekonnakaart lastele! <\/span><\/p>\n<p><span lang=\"et-EE\">Kui j\u00e4rgmisel korral laevaga reisima l\u00e4hed, tead juba p\u00e4ris h\u00e4sti, kuidas on meres\u00f5it ajas muutunud. Aga v\u00f5ibolla saab Sinust hoopis j\u00e4rgmine laevaehitaja v\u00f5i kuulus kapten?<\/span><\/p>\n","protected":false},"excerpt":{"rendered":"Ahoi, meres\u00f5ber! See ei ole tavaline muuseumimaja, vaid ehitati juba peaaegu 500 aastat tagasi. Siis oli siin linnakindlustus, kus valvati, et sissetungijad linna ei p\u00e4\u00e4seks. Hoonet on mitu korda \u00fcmber&#8230;","protected":false},"author":2,"featured_media":0,"parent":16953,"menu_order":0,"comment_status":"closed","ping_status":"closed","template":"","meta":{"_acf_changed":false,"advgb_blocks_editor_width":"","advgb_blocks_columns_visual_guide":"","footnotes":""},"class_list":["post-17059","page","type-page","status-publish","hentry"],"acf":[],"coauthors":[],"author_meta":{"author_link":"https:\/\/meremuuseum.ee\/paksmargareeta\/blog\/author\/reaktiiv-pm\/","display_name":"Reaktiiv Grupp"},"relative_dates":{"created":"Posted 7 aastat ago","modified":"Updated 2 aastat ago"},"absolute_dates":{"created":"Posted on 4. jaan. 2019","modified":"Updated on 16. sept. 2024"},"absolute_dates_time":{"created":"Posted on 4. jaan. 2019 12:59","modified":"Updated on 16. sept. 2024 12:46"},"featured_img_caption":"","featured_img":false,"series_order":"","_links":{"self":[{"href":"https:\/\/meremuuseum.ee\/paksmargareeta\/wp-json\/wp\/v2\/pages\/17059","targetHints":{"allow":["GET"]}}],"collection":[{"href":"https:\/\/meremuuseum.ee\/paksmargareeta\/wp-json\/wp\/v2\/pages"}],"about":[{"href":"https:\/\/meremuuseum.ee\/paksmargareeta\/wp-json\/wp\/v2\/types\/page"}],"author":[{"embeddable":true,"href":"https:\/\/meremuuseum.ee\/paksmargareeta\/wp-json\/wp\/v2\/users\/2"}],"replies":[{"embeddable":true,"href":"https:\/\/meremuuseum.ee\/paksmargareeta\/wp-json\/wp\/v2\/comments?post=17059"}],"version-history":[{"count":13,"href":"https:\/\/meremuuseum.ee\/paksmargareeta\/wp-json\/wp\/v2\/pages\/17059\/revisions"}],"predecessor-version":[{"id":22806,"href":"https:\/\/meremuuseum.ee\/paksmargareeta\/wp-json\/wp\/v2\/pages\/17059\/revisions\/22806"}],"up":[{"embeddable":true,"href":"https:\/\/meremuuseum.ee\/paksmargareeta\/wp-json\/wp\/v2\/pages\/16953"}],"wp:attachment":[{"href":"https:\/\/meremuuseum.ee\/paksmargareeta\/wp-json\/wp\/v2\/media?parent=17059"}],"curies":[{"name":"wp","href":"https:\/\/api.w.org\/{rel}","templated":true}]}}