{"id":417,"date":"2023-09-25T10:43:59","date_gmt":"2023-09-25T10:43:59","guid":{"rendered":"https:\/\/meremuuseum2.rktv.ee\/lennusadam\/?page_id=417"},"modified":"2026-02-02T13:43:58","modified_gmt":"2026-02-02T13:43:58","slug":"opilastele-peredele","status":"publish","type":"page","link":"https:\/\/meremuuseum.ee\/lennusadam\/opilastele-peredele\/","title":{"rendered":"Perele ja koolile"},"content":{"rendered":"\n<p>Peret\u00e4is p\u00f5nevust!<\/p>\n\n\n\n<p>Lennusadam pakub avastamisr\u00f5\u00f5mu nii suurtele kui v\u00e4ikestele &#8211; lugudest pulbitsev ajatu ja nutikas v\u00e4ljapanek ning mereteemaline m\u00e4nguala v\u00f5imaldavad kogu perel sisukalt aega veeta ja uusi teadmisi koguda.<\/p>\n\n\n\n<p>Fuajees p\u00fc\u00fcab pilku suur akvaarium. Ekspositsioonialal avaneb meie rikkalik kogu, elamust lisavad simulaatorid ning Kollases Allveelaevas linastuv Kass Kipperi film, mis viib m\u00e4nguliselt L\u00e4\u00e4nemere elustiku ja liikide maailma. Lennusadama pererada l\u00e4heneb muuseumile m\u00e4nguliselt \u2013 ekspositsioonis tuleb otsida kassikujulisi rajat\u00e4hiseid ja vastata k\u00fcsimustele, et saata Lennusadama kupli alla enda disainitud s\u00f5iduvahend.<\/p>\n\n\n\n<p>V\u00e4ikestele meres\u00f5pradele on meil hubane &#8220;M\u00e4ngumeri&#8221;. K\u00f5ige pisemad saavad tegutseda pehmete klotsidega beebibasseinis, katsetada magnetseina ja paadirada, suuremad aga proovida t\u00e4psus- ja koost\u00f6\u00f6m\u00e4nge, lastida laeva, seigelda vetikametsas ning riietada end Neptuniks, kaheksajalaks v\u00f5i m\u00f5neks kolmandaks mereelukaks. Lugemispesas saab rahulikus keskkonnas merelugudesse sukelduda.<\/p>\n\n\n\n<p>Lisaks pakume erinevaid programme, s\u00fcndmusi ja iseseisvaks k\u00fclastuseks m\u00f5eldud materjale, mis on m\u00e4ngulised, harivad ja avardavad kogu pere silmaringi.<\/p>\n\n\n\n<p><a href=\"https:\/\/meremuuseum.ee\/lennusadam\/opilastele-peredele\/muuseumitunnid\/\">Muuseumitunnid<\/a><\/p>\n\n\n\n<p><a href=\"https:\/\/meremuuseum.ee\/lennusadam\/korralda-uritus\/laste-sunnipaevad\/\">Laste s\u00fcnnip\u00e4evad<\/a><\/p>\n\n\n\n<p><a href=\"https:\/\/meremuuseum.ee\/lennusadam\/?page_id=219\">Laste j\u00f5ulupidu<\/a><\/p>\n\n\n\n<p><a href=\"https:\/\/meremuuseum.ee\/linnalaagrid\/\" target=\"_blank\" rel=\"noreferrer noopener\">Linnalaagrid<\/a><\/p>\n\n\n\n<p><a href=\"https:\/\/meremuuseum.ee\/lennusadam\/opilastele-peredele\/perepuhapaevad\/\">Perep\u00fchap\u00e4evad<\/a><\/p>\n\n\n\n<p><a href=\"https:\/\/meremuuseum.ee\/lennusadam\/opilastele-peredele\/pereuritused\/\">Pere\u00fcritused<\/a><\/p>\n\n\n\n<figure class=\"wp-block-gallery has-nested-images columns-default is-cropped wp-block-gallery-1 is-layout-flex wp-block-gallery-is-layout-flex\">\n<figure class=\"wp-block-image size-large\"><img loading=\"lazy\" decoding=\"async\" width=\"700\" height=\"1050\" data-id=\"6679\" src=\"https:\/\/meremuuseum.ee\/lennusadam\/wp-content\/uploads\/sites\/4\/2026\/02\/lennusadam-avamine-37-700x1050.jpg\" alt=\"\" class=\"wp-image-6679\" srcset=\"https:\/\/meremuuseum.ee\/lennusadam\/wp-content\/uploads\/sites\/4\/2026\/02\/lennusadam-avamine-37-700x1050.jpg 700w, https:\/\/meremuuseum.ee\/lennusadam\/wp-content\/uploads\/sites\/4\/2026\/02\/lennusadam-avamine-37-250x375.jpg 250w, https:\/\/meremuuseum.ee\/lennusadam\/wp-content\/uploads\/sites\/4\/2026\/02\/lennusadam-avamine-37-768x1152.jpg 768w, https:\/\/meremuuseum.ee\/lennusadam\/wp-content\/uploads\/sites\/4\/2026\/02\/lennusadam-avamine-37-1024x1536.jpg 1024w, https:\/\/meremuuseum.ee\/lennusadam\/wp-content\/uploads\/sites\/4\/2026\/02\/lennusadam-avamine-37-1365x2048.jpg 1365w, https:\/\/meremuuseum.ee\/lennusadam\/wp-content\/uploads\/sites\/4\/2026\/02\/lennusadam-avamine-37-120x180.jpg 120w, https:\/\/meremuuseum.ee\/lennusadam\/wp-content\/uploads\/sites\/4\/2026\/02\/lennusadam-avamine-37-480x720.jpg 480w, https:\/\/meremuuseum.ee\/lennusadam\/wp-content\/uploads\/sites\/4\/2026\/02\/lennusadam-avamine-37-scaled.jpg 1707w\" sizes=\"auto, (max-width: 700px) 100vw, 700px\" \/><\/figure>\n\n\n\n<figure class=\"wp-block-image size-large\"><img loading=\"lazy\" decoding=\"async\" width=\"700\" height=\"571\" data-id=\"6667\" src=\"https:\/\/meremuuseum.ee\/lennusadam\/wp-content\/uploads\/sites\/4\/2026\/02\/lennusadam-avamine-40-1-700x571.jpg\" alt=\"\" class=\"wp-image-6667\" srcset=\"https:\/\/meremuuseum.ee\/lennusadam\/wp-content\/uploads\/sites\/4\/2026\/02\/lennusadam-avamine-40-1-700x571.jpg 700w, https:\/\/meremuuseum.ee\/lennusadam\/wp-content\/uploads\/sites\/4\/2026\/02\/lennusadam-avamine-40-1-250x204.jpg 250w, https:\/\/meremuuseum.ee\/lennusadam\/wp-content\/uploads\/sites\/4\/2026\/02\/lennusadam-avamine-40-1-768x627.jpg 768w, https:\/\/meremuuseum.ee\/lennusadam\/wp-content\/uploads\/sites\/4\/2026\/02\/lennusadam-avamine-40-1-1536x1253.jpg 1536w, https:\/\/meremuuseum.ee\/lennusadam\/wp-content\/uploads\/sites\/4\/2026\/02\/lennusadam-avamine-40-1-2048x1671.jpg 2048w, https:\/\/meremuuseum.ee\/lennusadam\/wp-content\/uploads\/sites\/4\/2026\/02\/lennusadam-avamine-40-1-120x98.jpg 120w, https:\/\/meremuuseum.ee\/lennusadam\/wp-content\/uploads\/sites\/4\/2026\/02\/lennusadam-avamine-40-1-480x392.jpg 480w\" sizes=\"auto, (max-width: 700px) 100vw, 700px\" \/><\/figure>\n\n\n\n<figure class=\"wp-block-image size-large\"><img loading=\"lazy\" decoding=\"async\" width=\"700\" height=\"467\" data-id=\"6675\" src=\"https:\/\/meremuuseum.ee\/lennusadam\/wp-content\/uploads\/sites\/4\/2026\/02\/lennusadam-avamine-41-700x467.jpg\" alt=\"\" class=\"wp-image-6675\" srcset=\"https:\/\/meremuuseum.ee\/lennusadam\/wp-content\/uploads\/sites\/4\/2026\/02\/lennusadam-avamine-41-700x467.jpg 700w, https:\/\/meremuuseum.ee\/lennusadam\/wp-content\/uploads\/sites\/4\/2026\/02\/lennusadam-avamine-41-250x167.jpg 250w, https:\/\/meremuuseum.ee\/lennusadam\/wp-content\/uploads\/sites\/4\/2026\/02\/lennusadam-avamine-41-768x512.jpg 768w, https:\/\/meremuuseum.ee\/lennusadam\/wp-content\/uploads\/sites\/4\/2026\/02\/lennusadam-avamine-41-1536x1024.jpg 1536w, https:\/\/meremuuseum.ee\/lennusadam\/wp-content\/uploads\/sites\/4\/2026\/02\/lennusadam-avamine-41-2048x1365.jpg 2048w, https:\/\/meremuuseum.ee\/lennusadam\/wp-content\/uploads\/sites\/4\/2026\/02\/lennusadam-avamine-41-120x80.jpg 120w, https:\/\/meremuuseum.ee\/lennusadam\/wp-content\/uploads\/sites\/4\/2026\/02\/lennusadam-avamine-41-480x320.jpg 480w\" sizes=\"auto, (max-width: 700px) 100vw, 700px\" \/><\/figure>\n\n\n\n<figure class=\"wp-block-image size-large\"><img loading=\"lazy\" decoding=\"async\" width=\"700\" height=\"467\" data-id=\"6671\" src=\"https:\/\/meremuuseum.ee\/lennusadam\/wp-content\/uploads\/sites\/4\/2026\/02\/lennusadam-avamine-48-700x467.jpg\" alt=\"\" class=\"wp-image-6671\" srcset=\"https:\/\/meremuuseum.ee\/lennusadam\/wp-content\/uploads\/sites\/4\/2026\/02\/lennusadam-avamine-48-700x467.jpg 700w, https:\/\/meremuuseum.ee\/lennusadam\/wp-content\/uploads\/sites\/4\/2026\/02\/lennusadam-avamine-48-250x167.jpg 250w, https:\/\/meremuuseum.ee\/lennusadam\/wp-content\/uploads\/sites\/4\/2026\/02\/lennusadam-avamine-48-768x512.jpg 768w, https:\/\/meremuuseum.ee\/lennusadam\/wp-content\/uploads\/sites\/4\/2026\/02\/lennusadam-avamine-48-1536x1024.jpg 1536w, https:\/\/meremuuseum.ee\/lennusadam\/wp-content\/uploads\/sites\/4\/2026\/02\/lennusadam-avamine-48-2048x1365.jpg 2048w, https:\/\/meremuuseum.ee\/lennusadam\/wp-content\/uploads\/sites\/4\/2026\/02\/lennusadam-avamine-48-120x80.jpg 120w, https:\/\/meremuuseum.ee\/lennusadam\/wp-content\/uploads\/sites\/4\/2026\/02\/lennusadam-avamine-48-480x320.jpg 480w\" sizes=\"auto, (max-width: 700px) 100vw, 700px\" \/><\/figure>\n\n\n\n<figure class=\"wp-block-image size-large\"><img loading=\"lazy\" decoding=\"async\" width=\"700\" height=\"467\" data-id=\"6687\" src=\"https:\/\/meremuuseum.ee\/lennusadam\/wp-content\/uploads\/sites\/4\/2026\/02\/lennusadam-avamine-62-700x467.jpg\" alt=\"\" class=\"wp-image-6687\" srcset=\"https:\/\/meremuuseum.ee\/lennusadam\/wp-content\/uploads\/sites\/4\/2026\/02\/lennusadam-avamine-62-700x467.jpg 700w, https:\/\/meremuuseum.ee\/lennusadam\/wp-content\/uploads\/sites\/4\/2026\/02\/lennusadam-avamine-62-250x167.jpg 250w, https:\/\/meremuuseum.ee\/lennusadam\/wp-content\/uploads\/sites\/4\/2026\/02\/lennusadam-avamine-62-768x512.jpg 768w, https:\/\/meremuuseum.ee\/lennusadam\/wp-content\/uploads\/sites\/4\/2026\/02\/lennusadam-avamine-62-1536x1024.jpg 1536w, https:\/\/meremuuseum.ee\/lennusadam\/wp-content\/uploads\/sites\/4\/2026\/02\/lennusadam-avamine-62-2048x1365.jpg 2048w, https:\/\/meremuuseum.ee\/lennusadam\/wp-content\/uploads\/sites\/4\/2026\/02\/lennusadam-avamine-62-120x80.jpg 120w, https:\/\/meremuuseum.ee\/lennusadam\/wp-content\/uploads\/sites\/4\/2026\/02\/lennusadam-avamine-62-480x320.jpg 480w\" sizes=\"auto, (max-width: 700px) 100vw, 700px\" \/><\/figure>\n\n\n\n<figure class=\"wp-block-image size-large\"><img loading=\"lazy\" decoding=\"async\" width=\"700\" height=\"467\" data-id=\"6683\" src=\"https:\/\/meremuuseum.ee\/lennusadam\/wp-content\/uploads\/sites\/4\/2026\/02\/lennusadam-avamine-73-700x467.jpg\" alt=\"\" class=\"wp-image-6683\" srcset=\"https:\/\/meremuuseum.ee\/lennusadam\/wp-content\/uploads\/sites\/4\/2026\/02\/lennusadam-avamine-73-700x467.jpg 700w, https:\/\/meremuuseum.ee\/lennusadam\/wp-content\/uploads\/sites\/4\/2026\/02\/lennusadam-avamine-73-250x167.jpg 250w, https:\/\/meremuuseum.ee\/lennusadam\/wp-content\/uploads\/sites\/4\/2026\/02\/lennusadam-avamine-73-768x512.jpg 768w, https:\/\/meremuuseum.ee\/lennusadam\/wp-content\/uploads\/sites\/4\/2026\/02\/lennusadam-avamine-73-1536x1024.jpg 1536w, https:\/\/meremuuseum.ee\/lennusadam\/wp-content\/uploads\/sites\/4\/2026\/02\/lennusadam-avamine-73-2048x1365.jpg 2048w, https:\/\/meremuuseum.ee\/lennusadam\/wp-content\/uploads\/sites\/4\/2026\/02\/lennusadam-avamine-73-120x80.jpg 120w, https:\/\/meremuuseum.ee\/lennusadam\/wp-content\/uploads\/sites\/4\/2026\/02\/lennusadam-avamine-73-480x320.jpg 480w\" sizes=\"auto, (max-width: 700px) 100vw, 700px\" \/><\/figure>\n<\/figure>\n","protected":false},"excerpt":{"rendered":"Peret\u00e4is p\u00f5nevust! Lennusadam pakub avastamisr\u00f5\u00f5mu nii suurtele kui v\u00e4ikestele &#8211; lugudest pulbitsev ajatu ja nutikas v\u00e4ljapanek ning mereteemaline m\u00e4nguala v\u00f5imaldavad kogu perel sisukalt aega veeta ja uusi teadmisi koguda. Fuajees&#8230;","protected":false},"author":2,"featured_media":0,"parent":0,"menu_order":1,"comment_status":"closed","ping_status":"closed","template":"","meta":{"_acf_changed":false,"_uag_custom_page_level_css":"","advgb_blocks_editor_width":"","advgb_blocks_columns_visual_guide":"","footnotes":""},"class_list":["post-417","page","type-page","status-publish","hentry"],"acf":[],"yoast_head":"<!-- This site is optimized with the Yoast SEO plugin v26.6 - https:\/\/yoast.com\/wordpress\/plugins\/seo\/ -->\n<title>Perele ja koolile - Lennusadam<\/title>\n<meta name=\"robots\" content=\"index, follow, max-snippet:-1, max-image-preview:large, max-video-preview:-1\" \/>\n<link rel=\"canonical\" href=\"https:\/\/meremuuseum.ee\/lennusadam\/opilastele-peredele\/\" \/>\n<meta property=\"og:locale\" content=\"et_EE\" \/>\n<meta property=\"og:type\" content=\"article\" \/>\n<meta property=\"og:title\" content=\"Perele ja koolile - Lennusadam\" \/>\n<meta property=\"og:description\" content=\"Peret\u00e4is p\u00f5nevust! Lennusadam pakub avastamisr\u00f5\u00f5mu nii suurtele kui v\u00e4ikestele &#8211; lugudest pulbitsev ajatu ja nutikas v\u00e4ljapanek ning mereteemaline m\u00e4nguala v\u00f5imaldavad kogu perel sisukalt aega veeta ja uusi teadmisi koguda. Fuajees...\" \/>\n<meta property=\"og:url\" content=\"https:\/\/meremuuseum.ee\/lennusadam\/opilastele-peredele\/\" \/>\n<meta property=\"og:site_name\" content=\"Lennusadam\" \/>\n<meta property=\"article:modified_time\" content=\"2026-02-02T13:43:58+00:00\" \/>\n<meta property=\"og:image\" content=\"https:\/\/meremuuseum.ee\/lennusadam\/wp-content\/uploads\/sites\/4\/2026\/02\/lennusadam-avamine-37-scaled.jpg\" \/>\n\t<meta property=\"og:image:width\" content=\"1707\" \/>\n\t<meta property=\"og:image:height\" content=\"2560\" \/>\n\t<meta property=\"og:image:type\" content=\"image\/jpeg\" \/>\n<meta name=\"twitter:card\" content=\"summary_large_image\" \/>\n<meta name=\"twitter:label1\" content=\"Est. reading time\" \/>\n\t<meta name=\"twitter:data1\" content=\"2 minutit\" \/>\n<script type=\"application\/ld+json\" class=\"yoast-schema-graph\">{\"@context\":\"https:\/\/schema.org\",\"@graph\":[{\"@type\":\"WebPage\",\"@id\":\"https:\/\/meremuuseum.ee\/lennusadam\/opilastele-peredele\/\",\"url\":\"https:\/\/meremuuseum.ee\/lennusadam\/opilastele-peredele\/\",\"name\":\"Perele ja koolile - Lennusadam\",\"isPartOf\":{\"@id\":\"https:\/\/meremuuseum.ee\/lennusadam\/#website\"},\"primaryImageOfPage\":{\"@id\":\"https:\/\/meremuuseum.ee\/lennusadam\/opilastele-peredele\/#primaryimage\"},\"image\":{\"@id\":\"https:\/\/meremuuseum.ee\/lennusadam\/opilastele-peredele\/#primaryimage\"},\"thumbnailUrl\":\"https:\/\/meremuuseum.ee\/lennusadam\/wp-content\/uploads\/sites\/4\/2026\/02\/lennusadam-avamine-37-700x1050.jpg\",\"datePublished\":\"2023-09-25T10:43:59+00:00\",\"dateModified\":\"2026-02-02T13:43:58+00:00\",\"breadcrumb\":{\"@id\":\"https:\/\/meremuuseum.ee\/lennusadam\/opilastele-peredele\/#breadcrumb\"},\"inLanguage\":\"et\",\"potentialAction\":[{\"@type\":\"ReadAction\",\"target\":[\"https:\/\/meremuuseum.ee\/lennusadam\/opilastele-peredele\/\"]}]},{\"@type\":\"ImageObject\",\"inLanguage\":\"et\",\"@id\":\"https:\/\/meremuuseum.ee\/lennusadam\/opilastele-peredele\/#primaryimage\",\"url\":\"https:\/\/meremuuseum.ee\/lennusadam\/wp-content\/uploads\/sites\/4\/2026\/02\/lennusadam-avamine-37-scaled.jpg\",\"contentUrl\":\"https:\/\/meremuuseum.ee\/lennusadam\/wp-content\/uploads\/sites\/4\/2026\/02\/lennusadam-avamine-37-scaled.jpg\",\"width\":1707,\"height\":2560},{\"@type\":\"BreadcrumbList\",\"@id\":\"https:\/\/meremuuseum.ee\/lennusadam\/opilastele-peredele\/#breadcrumb\",\"itemListElement\":[{\"@type\":\"ListItem\",\"position\":1,\"name\":\"Home\",\"item\":\"https:\/\/meremuuseum.ee\/lennusadam\/\"},{\"@type\":\"ListItem\",\"position\":2,\"name\":\"Perele ja koolile\"}]},{\"@type\":\"WebSite\",\"@id\":\"https:\/\/meremuuseum.ee\/lennusadam\/#website\",\"url\":\"https:\/\/meremuuseum.ee\/lennusadam\/\",\"name\":\"Lennusadam\",\"description\":\"\",\"potentialAction\":[{\"@type\":\"SearchAction\",\"target\":{\"@type\":\"EntryPoint\",\"urlTemplate\":\"https:\/\/meremuuseum.ee\/lennusadam\/?s={search_term_string}\"},\"query-input\":{\"@type\":\"PropertyValueSpecification\",\"valueRequired\":true,\"valueName\":\"search_term_string\"}}],\"inLanguage\":\"et\"}]}<\/script>\n<!-- \/ Yoast SEO plugin. -->","yoast_head_json":{"title":"Perele ja koolile - Lennusadam","robots":{"index":"index","follow":"follow","max-snippet":"max-snippet:-1","max-image-preview":"max-image-preview:large","max-video-preview":"max-video-preview:-1"},"canonical":"https:\/\/meremuuseum.ee\/lennusadam\/opilastele-peredele\/","og_locale":"et_EE","og_type":"article","og_title":"Perele ja koolile - Lennusadam","og_description":"Peret\u00e4is p\u00f5nevust! Lennusadam pakub avastamisr\u00f5\u00f5mu nii suurtele kui v\u00e4ikestele &#8211; lugudest pulbitsev ajatu ja nutikas v\u00e4ljapanek ning mereteemaline m\u00e4nguala v\u00f5imaldavad kogu perel sisukalt aega veeta ja uusi teadmisi koguda. Fuajees...","og_url":"https:\/\/meremuuseum.ee\/lennusadam\/opilastele-peredele\/","og_site_name":"Lennusadam","article_modified_time":"2026-02-02T13:43:58+00:00","og_image":[{"width":1707,"height":2560,"url":"https:\/\/meremuuseum.ee\/lennusadam\/wp-content\/uploads\/sites\/4\/2026\/02\/lennusadam-avamine-37-scaled.jpg","type":"image\/jpeg"}],"twitter_card":"summary_large_image","twitter_misc":{"Est. reading time":"2 minutit"},"schema":{"@context":"https:\/\/schema.org","@graph":[{"@type":"WebPage","@id":"https:\/\/meremuuseum.ee\/lennusadam\/opilastele-peredele\/","url":"https:\/\/meremuuseum.ee\/lennusadam\/opilastele-peredele\/","name":"Perele ja koolile - Lennusadam","isPartOf":{"@id":"https:\/\/meremuuseum.ee\/lennusadam\/#website"},"primaryImageOfPage":{"@id":"https:\/\/meremuuseum.ee\/lennusadam\/opilastele-peredele\/#primaryimage"},"image":{"@id":"https:\/\/meremuuseum.ee\/lennusadam\/opilastele-peredele\/#primaryimage"},"thumbnailUrl":"https:\/\/meremuuseum.ee\/lennusadam\/wp-content\/uploads\/sites\/4\/2026\/02\/lennusadam-avamine-37-700x1050.jpg","datePublished":"2023-09-25T10:43:59+00:00","dateModified":"2026-02-02T13:43:58+00:00","breadcrumb":{"@id":"https:\/\/meremuuseum.ee\/lennusadam\/opilastele-peredele\/#breadcrumb"},"inLanguage":"et","potentialAction":[{"@type":"ReadAction","target":["https:\/\/meremuuseum.ee\/lennusadam\/opilastele-peredele\/"]}]},{"@type":"ImageObject","inLanguage":"et","@id":"https:\/\/meremuuseum.ee\/lennusadam\/opilastele-peredele\/#primaryimage","url":"https:\/\/meremuuseum.ee\/lennusadam\/wp-content\/uploads\/sites\/4\/2026\/02\/lennusadam-avamine-37-scaled.jpg","contentUrl":"https:\/\/meremuuseum.ee\/lennusadam\/wp-content\/uploads\/sites\/4\/2026\/02\/lennusadam-avamine-37-scaled.jpg","width":1707,"height":2560},{"@type":"BreadcrumbList","@id":"https:\/\/meremuuseum.ee\/lennusadam\/opilastele-peredele\/#breadcrumb","itemListElement":[{"@type":"ListItem","position":1,"name":"Home","item":"https:\/\/meremuuseum.ee\/lennusadam\/"},{"@type":"ListItem","position":2,"name":"Perele ja koolile"}]},{"@type":"WebSite","@id":"https:\/\/meremuuseum.ee\/lennusadam\/#website","url":"https:\/\/meremuuseum.ee\/lennusadam\/","name":"Lennusadam","description":"","potentialAction":[{"@type":"SearchAction","target":{"@type":"EntryPoint","urlTemplate":"https:\/\/meremuuseum.ee\/lennusadam\/?s={search_term_string}"},"query-input":{"@type":"PropertyValueSpecification","valueRequired":true,"valueName":"search_term_string"}}],"inLanguage":"et"}]}},"uagb_featured_image_src":{"full":false,"thumbnail":false,"medium":false,"medium_large":false,"large":false,"1536x1536":false,"2048x2048":false,"small":false,"custom-size":false,"post-preview":false,"gform-image-choice-sm":false,"gform-image-choice-md":false,"gform-image-choice-lg":false},"uagb_author_info":{"display_name":"Reaktiiv Grupp","author_link":"https:\/\/meremuuseum.ee\/lennusadam\/author\/reaktiiv-pm\/"},"uagb_comment_info":0,"uagb_excerpt":"Peret\u00e4is p\u00f5nevust! Lennusadam pakub avastamisr\u00f5\u00f5mu nii suurtele kui v\u00e4ikestele &#8211; lugudest pulbitsev ajatu ja nutikas v\u00e4ljapanek ning mereteemaline m\u00e4nguala v\u00f5imaldavad kogu perel sisukalt aega veeta ja uusi teadmisi koguda. Fuajees...","coauthors":[],"author_meta":{"author_link":"https:\/\/meremuuseum.ee\/lennusadam\/author\/reaktiiv-pm\/","display_name":"Reaktiiv Grupp"},"relative_dates":{"created":"Posted 3 aastat ago","modified":"Updated 3 kuud ago"},"absolute_dates":{"created":"Posted on september 25, 2023","modified":"Updated on veebruar 2, 2026"},"absolute_dates_time":{"created":"Posted on september 25, 2023 10:43 e.l.","modified":"Updated on veebruar 2, 2026 1:43 p.l."},"featured_img_caption":"","featured_img":false,"series_order":"","_links":{"self":[{"href":"https:\/\/meremuuseum.ee\/lennusadam\/wp-json\/wp\/v2\/pages\/417","targetHints":{"allow":["GET"]}}],"collection":[{"href":"https:\/\/meremuuseum.ee\/lennusadam\/wp-json\/wp\/v2\/pages"}],"about":[{"href":"https:\/\/meremuuseum.ee\/lennusadam\/wp-json\/wp\/v2\/types\/page"}],"author":[{"embeddable":true,"href":"https:\/\/meremuuseum.ee\/lennusadam\/wp-json\/wp\/v2\/users\/2"}],"replies":[{"embeddable":true,"href":"https:\/\/meremuuseum.ee\/lennusadam\/wp-json\/wp\/v2\/comments?post=417"}],"version-history":[{"count":8,"href":"https:\/\/meremuuseum.ee\/lennusadam\/wp-json\/wp\/v2\/pages\/417\/revisions"}],"predecessor-version":[{"id":6692,"href":"https:\/\/meremuuseum.ee\/lennusadam\/wp-json\/wp\/v2\/pages\/417\/revisions\/6692"}],"wp:attachment":[{"href":"https:\/\/meremuuseum.ee\/lennusadam\/wp-json\/wp\/v2\/media?parent=417"}],"curies":[{"name":"wp","href":"https:\/\/api.w.org\/{rel}","templated":true}]}}